{"id":1477,"date":"2019-04-13T07:29:02","date_gmt":"2019-04-13T07:29:02","guid":{"rendered":"https:\/\/tarntest.lpo.fr\/?page_id=1477"},"modified":"2021-09-21T20:40:16","modified_gmt":"2021-09-21T20:40:16","slug":"archives","status":"publish","type":"page","link":"https:\/\/tarn.lpo.fr\/?page_id=1477","title":{"rendered":"Archives"},"content":{"rendered":"<p><span style=\"font-family: Averia Libre;\"><a href=\"https:\/\/tarn.lpo.fr\/?m=2020\">Archives de l&rsquo;ann\u00e9e 2021<\/a><\/span><\/p>\n<ul>\n<li><span style=\"font-family: Averia Libre;\"><a href=\"https:\/\/tarn.lpo.fr\/?m=202101\">Archives de janvier 2021<\/a><\/span><\/li>\n<li><span style=\"font-family: Averia Libre;\"><a href=\"https:\/\/tarn.lpo.fr\/?m=202102\">Archives de f\u00e9vrier 2021<\/a><\/span><\/li>\n<li><a href=\"https:\/\/tarn.lpo.fr\/?m=202103\">Archives de mars 2021<\/a><\/li>\n<li><a href=\"https:\/\/tarn.lpo.fr\/?m=202104\">Archives de avril 2021<\/a><\/li>\n<li><a href=\"https:\/\/tarn.lpo.fr\/?m=202105\">Archives de mai 2021<\/a><\/li>\n<li><a href=\"https:\/\/tarn.lpo.fr\/?m=202106\">Archives de juin 2021<\/a><\/li>\n<li><a href=\"https:\/\/tarn.lpo.fr\/?m=202107\">Archives de juillet 2021<\/a><\/li>\n<li><a href=\"https:\/\/tarn.lpo.fr\/?m=202108\">Archives de ao\u00fbt 2021<\/a><\/li>\n<li><a href=\"https:\/\/tarn.lpo.fr\/?m=202109\">Archives de septembre 2021<\/a><\/li>\n<\/ul>\n<p>&nbsp;<\/p>\n<p><span style=\"font-family: Averia Libre;\"><a href=\"https:\/\/tarn.lpo.fr\/?m=2020\">Archives de l&rsquo;ann\u00e9e 2020<\/a><\/span><\/p>\n<ul>\n<li><span style=\"font-family: Averia Libre;\"><a href=\"https:\/\/tarn.lpo.fr\/?m=202001\">Archives de janvier 2020<\/a><\/span><\/li>\n<li><span style=\"font-family: Averia Libre;\"><a href=\"https:\/\/tarn.lpo.fr\/?m=202002\">Archives de f\u00e9vrier2020<\/a><\/span><\/li>\n<li><span style=\"font-family: Averia Libre;\"><a href=\"https:\/\/tarn.lpo.fr\/?m=202003\">Archives de mars 2020<\/a><\/span><\/li>\n<li><span style=\"font-family: Averia Libre;\"><a href=\"https:\/\/tarn.lpo.fr\/?m=202004\">Archives de avril 2020<\/a><\/span><\/li>\n<li><span style=\"font-family: Averia Libre;\"><a href=\"https:\/\/tarn.lpo.fr\/?m=202005\">Archives de mai 2020<\/a><\/span><\/li>\n<li><span style=\"font-family: Averia Libre;\"><a href=\"https:\/\/tarn.lpo.fr\/?m=202006\">Archives de juin 2020<\/a><\/span><\/li>\n<li><span style=\"font-family: Averia Libre;\"><a href=\"https:\/\/tarn.lpo.fr\/?m=202007\">Archives de juillet 2020<\/a><\/span><\/li>\n<li><span style=\"font-family: Averia Libre;\"><a href=\"https:\/\/tarn.lpo.fr\/?m=202008\">Archives de ao\u00fbt 2020<\/a><\/span><\/li>\n<li><span style=\"font-family: Averia Libre;\"><a href=\"https:\/\/tarn.lpo.fr\/?m=202009\">Archives de septembre 2020<\/a><\/span><\/li>\n<li><span style=\"font-family: Averia Libre;\"><a href=\"https:\/\/tarn.lpo.fr\/?m=202010\">Archives de octobre 2020<\/a><\/span><\/li>\n<li><span style=\"font-family: Averia Libre;\"><a href=\"https:\/\/tarn.lpo.fr\/?m=202011\">Archives de novembre 2020<\/a><\/span><\/li>\n<li><a href=\"https:\/\/tarn.lpo.fr\/?m=202012\">Archives de d\u00e9cembre 2020<\/a><\/li>\n<\/ul>\n<p>&nbsp;<\/p>\n<p><span style=\"font-family: Averia Libre;\"><a href=\"https:\/\/tarn.lpo.fr\/?m=2019\">Archives de l&rsquo;ann\u00e9e 2019<\/a><\/span><\/p>\n<ul>\n<li><span style=\"font-family: Averia Libre;\"><a href=\"https:\/\/tarn.lpo.fr\/?m=201901\">Archives de janvier 2019<\/a><\/span><\/li>\n<li><span style=\"font-family: Averia Libre;\"><a href=\"https:\/\/tarn.lpo.fr\/?m=201902\">Archives de f\u00e9vrier 2019<\/a><\/span><\/li>\n<li><span style=\"font-family: Averia Libre;\"><a href=\"https:\/\/tarn.lpo.fr\/?m=201903\">Archives de mars 2019<\/a><\/span><\/li>\n<li><span style=\"font-family: Averia Libre;\"><a href=\"https:\/\/tarn.lpo.fr\/?m=201904\">Archives d&rsquo;avril 2019<\/a><\/span><\/li>\n<li><span style=\"font-family: Averia Libre;\"><a href=\"https:\/\/tarn.lpo.fr\/?m=201905\">Archives de mai 2019<\/a><\/span><\/li>\n<li><span style=\"font-family: Averia Libre;\"><a href=\"https:\/\/tarn.lpo.fr\/?m=201906\">Archives de juin 2019<\/a><\/span><\/li>\n<li><span style=\"font-family: Averia Libre;\"><a href=\"https:\/\/tarn.lpo.fr\/?m=201907\">Archives de juillet 2019<\/a><\/span><\/li>\n<li><span style=\"font-family: Averia Libre;\"><a href=\"https:\/\/tarn.lpo.fr\/?m=201908\">Archives d&rsquo;aout 2019<\/a><\/span><\/li>\n<li><span style=\"font-family: Averia Libre;\"><a href=\"https:\/\/tarn.lpo.fr\/?m=201909\">Archives de septembre 2019<\/a><\/span><\/li>\n<li><span style=\"font-family: Averia Libre;\"><a href=\"https:\/\/tarn.lpo.fr\/?m=201910\">Archives d&rsquo;octobre 2019<\/a><\/span><\/li>\n<li><span style=\"font-family: Averia Libre;\"><a href=\"https:\/\/tarn.lpo.fr\/?m=201911\">Archives de novembre 2019<\/a><\/span><\/li>\n<li><span style=\"font-family: Averia Libre;\"><a href=\"https:\/\/tarn.lpo.fr\/?m=201912\">Archives de d\u00e9cembre 2019<\/a><\/span><\/li>\n<\/ul>\n<p>&nbsp;<\/p>\n<p><span style=\"font-family: Averia Libre;\"><a href=\"https:\/\/tarn.lpo.fr\/?m=2018\">Archives de l&rsquo;ann\u00e9e 2018<\/a><\/span><\/p>\n<ul>\n<li><span style=\"font-family: Averia Libre;\"><a href=\"https:\/\/tarn.lpo.fr\/?m=201801\">Archives de janvier 2018<\/a><\/span><\/li>\n<li><span style=\"font-family: Averia Libre;\"><a href=\"https:\/\/tarn.lpo.fr\/?m=201802\">Archives de f\u00e9vrier 2018<\/a><\/span><\/li>\n<li><span style=\"font-family: Averia Libre;\"><a href=\"https:\/\/tarn.lpo.fr\/?m=201807\">Archives de juillet 2018<\/a><\/span><\/li>\n<li><span style=\"font-family: Averia Libre;\"><a href=\"https:\/\/tarn.lpo.fr\/?m=2018011\">Archives de novembre 2018<\/a><\/span><\/li>\n<li><span style=\"font-family: Averia Libre;\"><a href=\"https:\/\/tarn.lpo.fr\/?m=201812\">Archives de d\u00e9cembre 2018<\/a><\/span><\/li>\n<\/ul>\n<p>&nbsp;<\/p>\n<p><span style=\"font-family: Averia Libre;\"><a href=\"https:\/\/tarn.lpo.fr\/?m=2017\">Archives de l&rsquo;ann\u00e9e 2017<\/a><\/span><\/p>\n","protected":false},"excerpt":{"rendered":"<p>Archives de l&rsquo;ann\u00e9e 2021 Archives de janvier 2021 Archives de f\u00e9vrier 2021 Archives de mars 2021 Archives de avril 2021 Archives de mai 2021 Archives de juin 2021 Archives de juillet 2021 Archives de ao\u00fbt 2021 Archives de septembre 2021 &nbsp; Archives de l&rsquo;ann\u00e9e 2020 Archives de janvier 2020 Archives de f\u00e9vrier2020 Archives de mars &hellip; <\/p>\n<p><a class=\"more-link btn\" href=\"https:\/\/tarn.lpo.fr\/?page_id=1477\">Lire la suite<\/a><\/p>\n","protected":false},"author":2,"featured_media":0,"parent":0,"menu_order":13,"comment_status":"closed","ping_status":"closed","template":"","meta":{"ngg_post_thumbnail":0,"footnotes":""},"class_list":["post-1477","page","type-page","status-publish","hentry","nodate","item-wrap"],"_links":{"self":[{"href":"https:\/\/tarn.lpo.fr\/index.php?rest_route=\/wp\/v2\/pages\/1477","targetHints":{"allow":["GET"]}}],"collection":[{"href":"https:\/\/tarn.lpo.fr\/index.php?rest_route=\/wp\/v2\/pages"}],"about":[{"href":"https:\/\/tarn.lpo.fr\/index.php?rest_route=\/wp\/v2\/types\/page"}],"author":[{"embeddable":true,"href":"https:\/\/tarn.lpo.fr\/index.php?rest_route=\/wp\/v2\/users\/2"}],"replies":[{"embeddable":true,"href":"https:\/\/tarn.lpo.fr\/index.php?rest_route=%2Fwp%2Fv2%2Fcomments&post=1477"}],"version-history":[{"count":0,"href":"https:\/\/tarn.lpo.fr\/index.php?rest_route=\/wp\/v2\/pages\/1477\/revisions"}],"wp:attachment":[{"href":"https:\/\/tarn.lpo.fr\/index.php?rest_route=%2Fwp%2Fv2%2Fmedia&parent=1477"}],"curies":[{"name":"wp","href":"https:\/\/api.w.org\/{rel}","templated":true}]}}