{"id":1737,"date":"2019-11-24T10:25:02","date_gmt":"2019-11-24T10:25:02","guid":{"rendered":"https:\/\/tarntest.lpo.fr\/?page_id=1737"},"modified":"2026-01-07T14:59:56","modified_gmt":"2026-01-07T14:59:56","slug":"les-animations-scolaires","status":"publish","type":"page","link":"https:\/\/tarn.lpo.fr\/?page_id=1737","title":{"rendered":"Les animations scolaires et les formations"},"content":{"rendered":"<p><strong>Les animations<\/strong><\/p>\n<p style=\"text-align: justify;\"><span style=\"font-size: 12pt;\">La LPO France \u0153uvre au quotidien pour l\u2019\u00e9ducation et la sensibilisation \u00e0 l\u2019environnement. Elle entend ainsi contribuer, par son action \u00e9ducative, \u00e0 la compr\u00e9hension des \u00e9cosyst\u00e8mes, \u00e0 mettre en \u00e9vidence leur fragilit\u00e9 et \u00e0 faire conna\u00eetre la biodiversit\u00e9. Ces objectifs ont pour but d\u2019agir sur les comportements et de d\u00e9velopper des attitudes responsables allant dans le sens du respect du vivant.<\/span><\/p>\n<p style=\"text-align: justify;\"><span style=\"font-size: 12pt;\">Cette association nationale est reconnue comme compl\u00e9mentaire de l\u2019enseignement public agr\u00e9\u00e9e par le Minist\u00e8re de l\u2019\u00c9ducation Nationale. C\u2019est \u00e9galement une ass<\/span><span style=\"font-size: 12pt;\">ociation d\u2019\u00e9ducation populaire agr\u00e9\u00e9e par le Minist\u00e8re de la Jeunesse, des sports et de la vie associative.<\/span><\/p>\n<p style=\"text-align: justify;\"><span style=\"font-size: 12pt;\">A ce titre, la LPO Tarn d\u00e9veloppe les partenariats et les actions dans le d\u00e9partement du Tarn. Elle m\u00e8ne des programmes de pr\u00e9servation concert\u00e9e au plus pr\u00e8s du terrain et des acteurs locau<\/span><span style=\"font-size: 12pt;\">x, d\u2019information et de formation du public, d\u2019animation et d\u2019\u00e9ducation \u00e0 l\u2019environnement au b\u00e9n\u00e9fice des scolaires.<\/span><\/p>\n<p style=\"text-align: justify;\">Cette d\u00e9marche est bas\u00e9e sur trois axes :<\/p>\n<ul>\n<li>L\u2019acquisition du \u00ab savoir \u00bb car une connaissance scientifique objective est la base d\u2019une bonne&nbsp; appr\u00e9hension des enjeux environnementaux,<\/li>\n<\/ul>\n<ul>\n<li>L\u2019acquisition du \u00ab savoir-faire \u00bb qui consiste \u00e0 articuler le \u00ab savoir \u00bb avec des m\u00e9thodes d\u2019approche p\u00e9dagogique diversifi\u00e9es (scientifiques, artistique, culturelle&#8230;) afin de d\u00e9velopper la capacit\u00e9 \u00e0 observer, comprendre et agir de mani\u00e8re cr\u00e9ative, lucide et responsable,<\/li>\n<li>Favoriser l\u2019\u00e9veil sensible et \u00e9motionnel, le partage et l\u2019\u00e9coute pour acqu\u00e9rir de nouvelles attitudes vis-\u00e0-vis de la nature, de l\u2019environnement et de l\u2019Homme : \u00ab savoir-\u00eatre \u00bb et \u00ab savoir-vivre ensemble \u00bb.<\/li>\n<\/ul>\n<p>&nbsp;<\/p>\n<p><strong>Pour plus d&rsquo;informations, vous pouvez contacter : <a href=\"https:\/\/tarn.lpo.fr\/wp-content\/uploads\/2025\/08\/Catalogue-des-animations.pdf\" target=\"_blank\" rel=\"noopener\"><img loading=\"lazy\" decoding=\"async\" class=\"wp-image-10548 alignright\" src=\"https:\/\/tarn.lpo.fr\/wp-content\/uploads\/2024\/09\/Image-1ere-page-212x300.jpg\" alt=\"\" width=\"200\" height=\"283\" srcset=\"https:\/\/tarn.lpo.fr\/wp-content\/uploads\/2024\/09\/Image-1ere-page-212x300.jpg 212w, https:\/\/tarn.lpo.fr\/wp-content\/uploads\/2024\/09\/Image-1ere-page-724x1024.jpg 724w, https:\/\/tarn.lpo.fr\/wp-content\/uploads\/2024\/09\/Image-1ere-page-768x1086.jpg 768w, https:\/\/tarn.lpo.fr\/wp-content\/uploads\/2024\/09\/Image-1ere-page-1086x1536.jpg 1086w, https:\/\/tarn.lpo.fr\/wp-content\/uploads\/2024\/09\/Image-1ere-page-652x922.jpg 652w, https:\/\/tarn.lpo.fr\/wp-content\/uploads\/2024\/09\/Image-1ere-page.jpg 1414w\" sizes=\"auto, (max-width: 200px) 100vw, 200px\" \/><\/a><br \/>\n<\/strong><\/p>\n<p>Anne Cr\u00e9villers<\/p>\n<p>\u00c9ducatrice \u00e0 l&rsquo;Environnement<\/p>\n<p><a href=\"mailto:animation.tarn@lpo.fr\">animation.tarn@lpo.fr<\/a><\/p>\n<p>&nbsp;<\/p>\n<p>&nbsp;<\/p>\n<p>&nbsp;<\/p>\n<p>&nbsp;<\/p>\n<p><strong>Les formations<\/strong><\/p>\n<p><span style=\"text-decoration: underline;\">L\u2019\u00c9cole d&rsquo;ornithologie<\/span><\/p>\n<p data-end=\"635\" data-start=\"175\">Pour la seconde ann\u00e9e cons\u00e9cutive, la LPO Occitanie &#8211; Tarn propose l\u2019<strong data-end=\"275\" data-start=\"251\">\u00c9cole d\u2019ornithologie<\/strong>, qui se tiendra du <strong data-end=\"343\" data-start=\"313\">20 au 24 avril 2026 \u00e0 Albi<\/strong>.<\/p>\n<p>Cette formation de 35 heures, ouverte \u00e0 tout.e.s \u00e0 partir de 18 ans, permet d\u2019acqu\u00e9rir les bases pour pratiquer l&rsquo;ornithologie et progresser rapidement.&nbsp;<\/p>\n<p data-end=\"635\" data-start=\"175\"><a href=\"https:\/\/tarn.lpo.fr\/wp-content\/uploads\/2026\/01\/Ecole-ornitho-2026.pdf\">Plus d&rsquo;infos en cliquant ICI<\/a><\/p>\n<p data-end=\"635\" data-start=\"175\">Contact : Glenn de Quelen. <a href=\"mailto:glenn.dequelen@lpo.fr\"><span style=\"text-decoration: underline;\">glenn.dequelen@lpo.fr<\/span><\/a><\/p>\n<p>&nbsp;<\/p>\n","protected":false},"excerpt":{"rendered":"<p>Les animations La LPO France \u0153uvre au quotidien pour l\u2019\u00e9ducation et la sensibilisation \u00e0 l\u2019environnement. Elle entend ainsi contribuer, par son action \u00e9ducative, \u00e0 la compr\u00e9hension des \u00e9cosyst\u00e8mes, \u00e0 mettre en \u00e9vidence leur fragilit\u00e9 et \u00e0 faire conna\u00eetre la biodiversit\u00e9. Ces objectifs ont pour but d\u2019agir sur les comportements et de d\u00e9velopper des attitudes responsables &hellip; <\/p>\n<p><a class=\"more-link btn\" href=\"https:\/\/tarn.lpo.fr\/?page_id=1737\">Lire la suite<\/a><\/p>\n","protected":false},"author":2,"featured_media":0,"parent":248,"menu_order":3,"comment_status":"closed","ping_status":"closed","template":"","meta":{"ngg_post_thumbnail":0,"footnotes":""},"class_list":["post-1737","page","type-page","status-publish","hentry","nodate","item-wrap"],"_links":{"self":[{"href":"https:\/\/tarn.lpo.fr\/index.php?rest_route=\/wp\/v2\/pages\/1737","targetHints":{"allow":["GET"]}}],"collection":[{"href":"https:\/\/tarn.lpo.fr\/index.php?rest_route=\/wp\/v2\/pages"}],"about":[{"href":"https:\/\/tarn.lpo.fr\/index.php?rest_route=\/wp\/v2\/types\/page"}],"author":[{"embeddable":true,"href":"https:\/\/tarn.lpo.fr\/index.php?rest_route=\/wp\/v2\/users\/2"}],"replies":[{"embeddable":true,"href":"https:\/\/tarn.lpo.fr\/index.php?rest_route=%2Fwp%2Fv2%2Fcomments&post=1737"}],"version-history":[{"count":0,"href":"https:\/\/tarn.lpo.fr\/index.php?rest_route=\/wp\/v2\/pages\/1737\/revisions"}],"up":[{"embeddable":true,"href":"https:\/\/tarn.lpo.fr\/index.php?rest_route=\/wp\/v2\/pages\/248"}],"wp:attachment":[{"href":"https:\/\/tarn.lpo.fr\/index.php?rest_route=%2Fwp%2Fv2%2Fmedia&parent=1737"}],"curies":[{"name":"wp","href":"https:\/\/api.w.org\/{rel}","templated":true}]}}

<p><strong>Les animations</strong></p>
<p style="text-align: justify;"><span style="font-size: 12pt;">La LPO France œuvre au quotidien pour l’éducation et la sensibilisation à l’environnement. Elle entend ainsi contribuer, par son action éducative, à la compréhension des écosystèmes, à mettre en évidence leur fragilité et à faire connaître la biodiversité. Ces objectifs ont pour but d’agir sur les comportements et de développer des attitudes responsables allant dans le sens du respect du vivant.</span></p>
<p style="text-align: justify;"><span style="font-size: 12pt;">Cette association nationale est reconnue comme complémentaire de l’enseignement public agréée par le Ministère de l’Éducation Nationale. C’est également une ass</span><span style="font-size: 12pt;">ociation d’éducation populaire agréée par le Ministère de la Jeunesse, des sports et de la vie associative.</span></p>
<p style="text-align: justify;"><span style="font-size: 12pt;">A ce titre, la LPO Tarn développe les partenariats et les actions dans le département du Tarn. Elle mène des programmes de préservation concertée au plus près du terrain et des acteurs locau</span><span style="font-size: 12pt;">x, d’information et de formation du public, d’animation et d’éducation à l’environnement au bénéfice des scolaires.</span></p>
<p style="text-align: justify;">Cette démarche est basée sur trois axes :</p>
<ul>
<li>L’acquisition du « savoir » car une connaissance scientifique objective est la base d’une bonne&nbsp; appréhension des enjeux environnementaux,</li>
</ul>
<ul>
<li>L’acquisition du « savoir-faire » qui consiste à articuler le « savoir » avec des méthodes d’approche pédagogique diversifiées (scientifiques, artistique, culturelle&#8230;) afin de développer la capacité à observer, comprendre et agir de manière créative, lucide et responsable,</li>
<li>Favoriser l’éveil sensible et émotionnel, le partage et l’écoute pour acquérir de nouvelles attitudes vis-à-vis de la nature, de l’environnement et de l’Homme : « savoir-être » et « savoir-vivre ensemble ».</li>
</ul>
<p>&nbsp;</p>
<p><strong>Pour plus d&rsquo;informations, vous pouvez contacter : <a href="https://tarn.lpo.fr/wp-content/uploads/2025/08/Catalogue-des-animations.pdf" target="_blank" rel="noopener"><img loading="lazy" decoding="async" class="wp-image-10548 alignright" src="https://tarn.lpo.fr/wp-content/uploads/2024/09/Image-1ere-page-212x300.jpg" alt="" width="200" height="283" srcset="https://tarn.lpo.fr/wp-content/uploads/2024/09/Image-1ere-page-212x300.jpg 212w, https://tarn.lpo.fr/wp-content/uploads/2024/09/Image-1ere-page-724x1024.jpg 724w, https://tarn.lpo.fr/wp-content/uploads/2024/09/Image-1ere-page-768x1086.jpg 768w, https://tarn.lpo.fr/wp-content/uploads/2024/09/Image-1ere-page-1086x1536.jpg 1086w, https://tarn.lpo.fr/wp-content/uploads/2024/09/Image-1ere-page-652x922.jpg 652w, https://tarn.lpo.fr/wp-content/uploads/2024/09/Image-1ere-page.jpg 1414w" sizes="auto, (max-width: 200px) 100vw, 200px" /></a><br />
</strong></p>
<p>Anne Crévillers</p>
<p>Éducatrice à l&rsquo;Environnement</p>
<p><a href="mailto:animation.tarn@lpo.fr">animation.tarn@lpo.fr</a></p>
<p>&nbsp;</p>
<p>&nbsp;</p>
<p>&nbsp;</p>
<p>&nbsp;</p>
<p><strong>Les formations</strong></p>
<p><span style="text-decoration: underline;">L’École d&rsquo;ornithologie</span></p>
<p data-end="635" data-start="175">Pour la seconde année consécutive, la LPO Occitanie &#8211; Tarn propose l’<strong data-end="275" data-start="251">École d’ornithologie</strong>, qui se tiendra du <strong data-end="343" data-start="313">20 au 24 avril 2026 à Albi</strong>.</p>
<p>Cette formation de 35 heures, ouverte à tout.e.s à partir de 18 ans, permet d’acquérir les bases pour pratiquer l&rsquo;ornithologie et progresser rapidement.&nbsp;</p>
<p data-end="635" data-start="175"><a href="https://tarn.lpo.fr/wp-content/uploads/2026/01/Ecole-ornitho-2026.pdf">Plus d&rsquo;infos en cliquant ICI</a></p>
<p data-end="635" data-start="175">Contact : Glenn de Quelen. <a href="mailto:glenn.dequelen@lpo.fr"><span style="text-decoration: underline;">glenn.dequelen@lpo.fr</span></a></p>
<p>&nbsp;</p>

<p>Les animations La LPO France œuvre au quotidien pour l’éducation et la sensibilisation à l’environnement. Elle entend ainsi contribuer, par son action éducative, à la compréhension des écosystèmes, à mettre en évidence leur fragilité et à faire connaître la biodiversité. Ces objectifs ont pour but d’agir sur les comportements et de développer des attitudes responsables &hellip; </p>
<p><a class="more-link btn" href="https://tarn.lpo.fr/?page_id=1737">Lire la suite</a></p>
