{"id":248,"date":"2018-01-26T23:54:25","date_gmt":"2018-01-26T23:54:25","guid":{"rendered":"http:\/\/lpotarn.davidalquier.fr\/?page_id=248"},"modified":"2020-10-11T19:52:39","modified_gmt":"2020-10-11T19:52:39","slug":"decouvrir","status":"publish","type":"page","link":"https:\/\/tarn.lpo.fr\/?page_id=248","title":{"rendered":"Nos actions"},"content":{"rendered":"<p><span style=\"font-family: Averia Libre;\"><a href=\"https:\/\/tarn.lpo.fr\/?page_id=203\">Le calendrier des activit\u00e9s<\/a><\/span><\/p>\n<p><span style=\"font-family: Averia Libre;\"><a href=\"https:\/\/tarn.lpo.fr\/?page_id=352\">Les animations tout public <\/a><\/span><\/p>\n<p><span style=\"font-family: Averia Libre;\"><a href=\"https:\/\/tarn.lpo.fr\/?page_id=1737\">Les animations scolaires <\/a><\/span><\/p>\n<p><span style=\"font-family: Averia Libre;\"><a href=\"https:\/\/tarn.lpo.fr\/?page_id=942\">Les actions b\u00e9n\u00e9voles <\/a><\/span><\/p>\n<p><span style=\"font-family: Averia Libre;\"><a href=\"https:\/\/tarn.lpo.fr\/?page_id=1928\">La m\u00e9diation<\/a><\/span><\/p>\n<p><span style=\"font-family: Averia Libre;\"><a href=\"https:\/\/tarn.lpo.fr\/?page_id=1740\">Les conf\u00e9rences, films et expositions <\/a><\/span><\/p>\n","protected":false},"excerpt":{"rendered":"<p>Le calendrier des activit\u00e9s Les animations tout public Les animations scolaires Les actions b\u00e9n\u00e9voles La m\u00e9diation Les conf\u00e9rences, films et expositions<\/p><p><a class=\"more-link btn\" href=\"https:\/\/tarn.lpo.fr\/?page_id=248\">Lire la suite<\/a><\/p>\n","protected":false},"author":2,"featured_media":0,"parent":0,"menu_order":2,"comment_status":"closed","ping_status":"closed","template":"","meta":{"ngg_post_thumbnail":0,"footnotes":""},"class_list":["post-248","page","type-page","status-publish","hentry","nodate","item-wrap"],"_links":{"self":[{"href":"https:\/\/tarn.lpo.fr\/index.php?rest_route=\/wp\/v2\/pages\/248","targetHints":{"allow":["GET"]}}],"collection":[{"href":"https:\/\/tarn.lpo.fr\/index.php?rest_route=\/wp\/v2\/pages"}],"about":[{"href":"https:\/\/tarn.lpo.fr\/index.php?rest_route=\/wp\/v2\/types\/page"}],"author":[{"embeddable":true,"href":"https:\/\/tarn.lpo.fr\/index.php?rest_route=\/wp\/v2\/users\/2"}],"replies":[{"embeddable":true,"href":"https:\/\/tarn.lpo.fr\/index.php?rest_route=%2Fwp%2Fv2%2Fcomments&post=248"}],"version-history":[{"count":0,"href":"https:\/\/tarn.lpo.fr\/index.php?rest_route=\/wp\/v2\/pages\/248\/revisions"}],"wp:attachment":[{"href":"https:\/\/tarn.lpo.fr\/index.php?rest_route=%2Fwp%2Fv2%2Fmedia&parent=248"}],"curies":[{"name":"wp","href":"https:\/\/api.w.org\/{rel}","templated":true}]}}