{"id":253,"date":"2018-01-27T00:05:49","date_gmt":"2018-01-26T23:05:49","guid":{"rendered":"http:\/\/lpotarn.davidalquier.fr\/?page_id=253"},"modified":"2025-01-06T09:46:39","modified_gmt":"2025-01-06T09:46:39","slug":"les-milieux","status":"publish","type":"page","link":"https:\/\/tarn.lpo.fr\/?page_id=253","title":{"rendered":"Quelques sites exceptionnels dans le Tarn"},"content":{"rendered":"<p><span style=\"font-family: Averia Libre;\">Pour lire la page concernant le site, cliquez sur son nom :<\/span><\/p>\n<p><span style=\"font-family: Averia Libre;\"><strong><img loading=\"lazy\" decoding=\"async\" class=\"alignleft wp-image-3299\" src=\"https:\/\/tarn.lpo.fr\/wp-content\/uploads\/2020\/08\/Ambialet-001-300x169.jpg\" alt=\"\" width=\"200\" height=\"113\" srcset=\"https:\/\/tarn.lpo.fr\/wp-content\/uploads\/2020\/08\/Ambialet-001-300x169.jpg 300w, https:\/\/tarn.lpo.fr\/wp-content\/uploads\/2020\/08\/Ambialet-001.jpg 400w\" sizes=\"auto, (max-width: 200px) 100vw, 200px\" \/><span style=\"color: #ff9900;\"><a style=\"color: #ff9900;\" href=\"https:\/\/tarn.lpo.fr\/?page_id=2702\"><span style=\"font-size: 18pt;\">La Presqu&rsquo;\u00eele d&rsquo;Ambialet<\/span><\/a><\/span><\/strong><\/span><\/p>\n<p style=\"text-align: justify;\"><span style=\"font-family: Averia Libre;\">A son entr\u00e9e dans notre d\u00e9partement, le Tarn a creus\u00e9 une vall\u00e9e encaiss\u00e9e dans la roche cristalline, dessinant de nombreux m\u00e9andres. Le plus remarquable d\u2019entre eux se situe au village d\u2019Ambialet o\u00f9, contraint par la r\u00e9sistance de certaines parois schisteuses, le Tarn a dessin\u00e9 une presqu\u2019\u00eele qui culmine \u00e0 294 m.<\/span><\/p>\n<p><span style=\"font-family: Averia Libre;\"><strong><img loading=\"lazy\" decoding=\"async\" class=\"alignleft wp-image-3305\" src=\"https:\/\/tarn.lpo.fr\/wp-content\/uploads\/2020\/08\/La-capelette-001-300x199.jpg\" alt=\"\" width=\"200\" height=\"133\" srcset=\"https:\/\/tarn.lpo.fr\/wp-content\/uploads\/2020\/08\/La-capelette-001-300x199.jpg 300w, https:\/\/tarn.lpo.fr\/wp-content\/uploads\/2020\/08\/La-capelette-001.jpg 400w\" sizes=\"auto, (max-width: 200px) 100vw, 200px\" \/><span style=\"color: #ff9900;\"><a style=\"color: #ff9900;\" href=\"https:\/\/tarn.lpo.fr\/?page_id=2708\"><span style=\"font-size: 18pt;\">La Capelette ou le D\u00e9sert de Saint F\u00e9rr\u00e9ol<\/span><\/a><\/span><\/strong><\/span><\/p>\n<p style=\"text-align: justify;\"><span style=\"font-family: Averia Libre;\">C\u2019est un petit plateau calcaire sur le versant nord de la Montagne Noire, laquelle est essentiellement constitu\u00e9e de schiste et de granit. Cette originalit\u00e9 induit une faune et une flore particuli\u00e8res d\u2019affinit\u00e9s m\u00e9diterran\u00e9ennes.<\/span><\/p>\n<p>&nbsp;<\/p>\n<p><span style=\"font-family: Averia Libre;\"><strong><img loading=\"lazy\" decoding=\"async\" class=\"alignleft wp-image-3309\" src=\"https:\/\/tarn.lpo.fr\/wp-content\/uploads\/2020\/08\/Le-causse-de-Caucalieres-300x169.jpg\" alt=\"\" width=\"200\" height=\"113\" srcset=\"https:\/\/tarn.lpo.fr\/wp-content\/uploads\/2020\/08\/Le-causse-de-Caucalieres-300x169.jpg 300w, https:\/\/tarn.lpo.fr\/wp-content\/uploads\/2020\/08\/Le-causse-de-Caucalieres.jpg 640w\" sizes=\"auto, (max-width: 200px) 100vw, 200px\" \/><a href=\"https:\/\/tarn.lpo.fr\/?page_id=2713\"><span style=\"font-size: 18pt;\"><span style=\"color: #ff9900;\">Le Causse de Caucali\u00e8res-Labrugui\u00e8re<\/span><\/span><\/a><\/strong><\/span><\/p>\n<p style=\"text-align: justify;\"><span style=\"font-family: Averia Libre;\">Au sud-est de Castres, le Causse de Caucali\u00e8res-Labrugui\u00e8re, espace class\u00e9 Natura 2000, est un plateau s\u00e9dimentaire calcaire d\u2019une altitude comprise entre 200 et 330 m\u00e8tres. Le sol \u00e9tant perm\u00e9able, les cours d\u2019eau sont intermittents et le r\u00e9seau souterrain est encore mal connu.<\/span><\/p>\n<p style=\"text-align: justify;\"><strong><a href=\"https:\/\/tarn.lpo.fr\/?attachment_id=3787\" rel=\"attachment wp-att-3787\"><img loading=\"lazy\" decoding=\"async\" class=\"alignleft size-medium wp-image-3787\" src=\"https:\/\/tarn.lpo.fr\/wp-content\/uploads\/2020\/11\/J28B6509-200x300.jpg\" alt=\"\" width=\"200\" height=\"300\" srcset=\"https:\/\/tarn.lpo.fr\/wp-content\/uploads\/2020\/11\/J28B6509-200x300.jpg 200w, https:\/\/tarn.lpo.fr\/wp-content\/uploads\/2020\/11\/J28B6509-683x1024.jpg 683w, https:\/\/tarn.lpo.fr\/wp-content\/uploads\/2020\/11\/J28B6509-768x1152.jpg 768w, https:\/\/tarn.lpo.fr\/wp-content\/uploads\/2020\/11\/J28B6509-1024x1536.jpg 1024w, https:\/\/tarn.lpo.fr\/wp-content\/uploads\/2020\/11\/J28B6509-1365x2048.jpg 1365w, https:\/\/tarn.lpo.fr\/wp-content\/uploads\/2020\/11\/J28B6509-652x978.jpg 652w, https:\/\/tarn.lpo.fr\/wp-content\/uploads\/2020\/11\/J28B6509-scaled.jpg 1707w\" sizes=\"auto, (max-width: 200px) 100vw, 200px\" \/><\/a><span style=\"color: #ff9900;\"><a style=\"color: #ff9900;\" href=\"https:\/\/tarn.lpo.fr\/?page_id=255\"><span style=\"font-size: 18pt;\">La Montagne Noire<\/span><\/a><\/span><\/strong><\/p>\n<p style=\"text-align: justify;\">La Montagne Noire d\u00e9bute \u00e0 Revel et s\u2019arr\u00eate vers Saint Pons. Vu de la plaine de Castres, c\u2019est un relief allong\u00e9 qui s\u2019\u00e9tale d\u2019Ouest en Est. Il culmine \u00e0 1211 m\u00e8tres au Pic de Nore.<br \/>\nLes principaux milieux sont, versant Nord, c\u00f4t\u00e9 tarnais&nbsp;: la for\u00eat omnipr\u00e9sente, les sagnes (tourbi\u00e8res ) cr\u00e9es par les sphaignes, les lacs et les \u00e9tangs, les ruisseaux torrentueux, les milieux ouverts landes, friches, prairies occupent une faible surface,<b> l<\/b>es zones rocheuses sont rares dans ce vieux massif.<\/p>\n<p>&nbsp;<\/p>\n<p>&nbsp;<\/p>\n<p>&nbsp;<\/p>\n<p><span style=\"font-family: Averia Libre;\"><a href=\"https:\/\/tarn.lpo.fr\/?page_id=2718\"><strong><span style=\"font-size: 18pt;\">Le massif forestier de la Gr\u00e9signe<\/span><\/strong><\/a><\/span><\/p>\n<p>&nbsp;<\/p>\n<p><span style=\"font-family: Averia Libre;\"><a href=\"https:\/\/tarn.lpo.fr\/?page_id=2727\"><span style=\"font-size: 18pt;\"><b>Roquecezi\u00e8re<\/b><\/span><\/a><\/span><\/p>\n<p>&nbsp;<\/p>\n","protected":false},"excerpt":{"rendered":"<p>Pour lire la page concernant le site, cliquez sur son nom : La Presqu&rsquo;\u00eele d&rsquo;Ambialet A son entr\u00e9e dans notre d\u00e9partement, le Tarn a creus\u00e9 une vall\u00e9e encaiss\u00e9e dans la roche cristalline, dessinant de nombreux m\u00e9andres. Le plus remarquable d\u2019entre eux se situe au village d\u2019Ambialet o\u00f9, contraint par la r\u00e9sistance de certaines parois schisteuses, &hellip; <\/p>\n<p><a class=\"more-link btn\" href=\"https:\/\/tarn.lpo.fr\/?page_id=253\">Lire la suite<\/a><\/p><p><a class=\"more-link btn\" href=\"https:\/\/tarn.lpo.fr\/?page_id=253\">Lire la suite<\/a><\/p>\n","protected":false},"author":2,"featured_media":0,"parent":321,"menu_order":5,"comment_status":"closed","ping_status":"closed","template":"","meta":{"ngg_post_thumbnail":0,"footnotes":""},"class_list":["post-253","page","type-page","status-publish","hentry","nodate","item-wrap"],"_links":{"self":[{"href":"https:\/\/tarn.lpo.fr\/index.php?rest_route=\/wp\/v2\/pages\/253","targetHints":{"allow":["GET"]}}],"collection":[{"href":"https:\/\/tarn.lpo.fr\/index.php?rest_route=\/wp\/v2\/pages"}],"about":[{"href":"https:\/\/tarn.lpo.fr\/index.php?rest_route=\/wp\/v2\/types\/page"}],"author":[{"embeddable":true,"href":"https:\/\/tarn.lpo.fr\/index.php?rest_route=\/wp\/v2\/users\/2"}],"replies":[{"embeddable":true,"href":"https:\/\/tarn.lpo.fr\/index.php?rest_route=%2Fwp%2Fv2%2Fcomments&post=253"}],"version-history":[{"count":0,"href":"https:\/\/tarn.lpo.fr\/index.php?rest_route=\/wp\/v2\/pages\/253\/revisions"}],"up":[{"embeddable":true,"href":"https:\/\/tarn.lpo.fr\/index.php?rest_route=\/wp\/v2\/pages\/321"}],"wp:attachment":[{"href":"https:\/\/tarn.lpo.fr\/index.php?rest_route=%2Fwp%2Fv2%2Fmedia&parent=253"}],"curies":[{"name":"wp","href":"https:\/\/api.w.org\/{rel}","templated":true}]}}