{"id":2572,"date":"2020-03-26T14:05:13","date_gmt":"2020-03-26T14:05:13","guid":{"rendered":"https:\/\/tarn.lpo.fr\/?page_id=2572"},"modified":"2025-02-24T15:33:40","modified_gmt":"2025-02-24T15:33:40","slug":"les-groupes-de-la-lpo-tarn","status":"publish","type":"page","link":"https:\/\/tarn.lpo.fr\/?page_id=2572","title":{"rendered":"Groupes et suivis LPO Occitanie &#8211; Tarn"},"content":{"rendered":"<p>Envie de faire partie d&rsquo;un groupe de passionn\u00e9s et donner sens \u00e0 son engagement en pr\u00e9servant les esp\u00e8ces sauvages ? Plusieurs groupes sont mis en place \u00e0 la LPO Tarn, pour en savoir plus cliquez sur le nom du groupe !<\/p>\n<p><strong><span style=\"color: #ff6600;\"><span style=\"font-size: 20px;\"><span style=\"text-decoration: underline;\">Suivi de l&rsquo;\u00c9lanion blanc<\/span><\/span><\/span><\/strong><\/p>\n<p><a href=\"https:\/\/tarn.lpo.fr\/?attachment_id=3984\" rel=\"attachment wp-att-3984\"><img loading=\"lazy\" decoding=\"async\" class=\"size-medium wp-image-3984\" src=\"https:\/\/tarn.lpo.fr\/wp-content\/uploads\/2020\/12\/Elanion-blanc-Helge-Sorensen-300x279.jpg\" alt=\"\" width=\"300\" height=\"279\" srcset=\"https:\/\/tarn.lpo.fr\/wp-content\/uploads\/2020\/12\/Elanion-blanc-Helge-Sorensen-300x279.jpg 300w, https:\/\/tarn.lpo.fr\/wp-content\/uploads\/2020\/12\/Elanion-blanc-Helge-Sorensen.jpg 559w\" sizes=\"auto, (max-width: 300px) 100vw, 300px\" \/><\/a><br \/>\n<em>Elanion blanc &#8211; \u00a9Helge Sorensen<\/em><\/p>\n<p>Plus de renseignements <a href=\"https:\/\/tarn.lpo.fr\/?page_id=3073\">sur cette page<\/a><\/p>\n<p>Contact&nbsp;: <a id=\"ox-9ddead6145-OWAb2403c04-7142-ec07-49cc-31b1e55c9fea\" class=\"ox-9ddead6145-OWAAutoLink mailto-link\" tabindex=\"9999\" href=\"tarn@lpo.fr\" target=\"_blank\" rel=\"noopener\">tarn@lpo.fr<\/a><\/p>\n<p>&nbsp;<\/p>\n<p><span style=\"text-decoration: underline; color: #ff6600;\"><strong><span style=\"font-size: 20px;\">Suivi de l&rsquo;Effraie des clochers<\/span><\/strong><\/span><\/p>\n<p style=\"text-align: justify;\"><a href=\"https:\/\/tarn.lpo.fr\/?attachment_id=6498\" rel=\"attachment wp-att-6498\"><img loading=\"lazy\" decoding=\"async\" class=\"alignleft size-medium wp-image-6498\" src=\"https:\/\/tarn.lpo.fr\/wp-content\/uploads\/2022\/11\/Image_oiseau_chouetteeffraie-300x201.jpg\" alt=\"\" width=\"300\" height=\"201\" srcset=\"https:\/\/tarn.lpo.fr\/wp-content\/uploads\/2022\/11\/Image_oiseau_chouetteeffraie-300x201.jpg 300w, https:\/\/tarn.lpo.fr\/wp-content\/uploads\/2022\/11\/Image_oiseau_chouetteeffraie-652x436.jpg 652w, https:\/\/tarn.lpo.fr\/wp-content\/uploads\/2022\/11\/Image_oiseau_chouetteeffraie.jpg 768w\" sizes=\"auto, (max-width: 300px) 100vw, 300px\" \/><\/a>Les b\u00e9n\u00e9voles de la LPO Occitanie-Tarn participent \u00e0 la protection de la chouette Effraie des clochers. Pour cette esp\u00e8ce prot\u00e9g\u00e9e, c\u2019est la crise du logement ! Leurs habitats sont d\u00e9truits par les activit\u00e9s humaines, entrainant une perte des sites traditionnels de nidification et de g\u00eetes diurnes. &nbsp;A cela se rajoutent les effets de la circulation routi\u00e8re et de l\u2019utilisation de pesticides , ainsi que la perte des secteurs de chasse li\u00e9e aux modifications des pratiques agricoles. &nbsp;<\/p>\n<p class=\"ox-9ddead6145-elementToProof\" style=\"text-align: justify;\">Les principales missions des b\u00e9n\u00e9voles sont&nbsp;: la recherche de couples dans le b\u00e2ti, le suivi de la reproduction et la pose de nichoirs. &nbsp;<\/p>\n<p style=\"text-align: justify;\"><span style=\"font-size: 16px;\">Pour nous indiquer la pr\u00e9sence d\u2019Effraies des clochers dans votre grenier\/ votre grange ou si vous rencontrez une difficult\u00e9 pour cohabiter avec cette esp\u00e8ce, les b\u00e9n\u00e9voles se tiennent \u00e0 votre disposition. Contact&nbsp;: <a id=\"ox-9ddead6145-OWAb2403c04-7142-ec07-49cc-31b1e55c9fea\" class=\"ox-9ddead6145-OWAAutoLink mailto-link\" tabindex=\"9999\" href=\"marien.fusari@netcourrier.com\" target=\"_blank\" rel=\"noopener\">marien.fusari@netcourrier.com<\/a>&nbsp;<\/span><\/p>\n<p><span style=\"font-size: 16px;\">Pour en savoir plus, une fiche explicative est disponible sur le site de la LPO France&nbsp;: <a id=\"ox-9ddead6145-OWAcf6f07d1-9a8c-6ed0-08de-ea3c9f907acf\" class=\"ox-9ddead6145-OWAAutoLink\" tabindex=\"9999\" href=\"https:\/\/www.lpo.fr\/decouvrir-la-nature\/fiches-especes\/fiches-especes\/oiseaux\/rapaces\/effraie-des-clochers\" target=\"_blank\" rel=\"noopener\">https:\/\/www.lpo.fr\/decouvrir-la-nature\/fiches-especes\/fiches-especes\/oiseaux\/rapaces\/effraie-des-clochers<\/a><\/span><\/p>\n<p><a href=\"https:\/\/tarn.lpo.fr\/wp-content\/uploads\/2025\/02\/Affiche-Effraie-des-clochers.pdf\" target=\"_blank\" rel=\"noopener\"><img loading=\"lazy\" decoding=\"async\" class=\"alignnone wp-image-11318 size-medium\" src=\"https:\/\/tarn.lpo.fr\/wp-content\/uploads\/2025\/02\/Image_Effraies_001-212x300.jpg\" alt=\"\" width=\"212\" height=\"300\" srcset=\"https:\/\/tarn.lpo.fr\/wp-content\/uploads\/2025\/02\/Image_Effraies_001-212x300.jpg 212w, https:\/\/tarn.lpo.fr\/wp-content\/uploads\/2025\/02\/Image_Effraies_001.jpg 628w\" sizes=\"auto, (max-width: 212px) 100vw, 212px\" \/><\/a><\/p>\n<p>&nbsp;<\/p>\n<p><span style=\"text-decoration: underline; color: #ff6600;\"><strong><span style=\"font-size: 20px;\">Suivi du Moineau friquet<\/span><\/strong><\/span><\/p>\n<div class=\"ox-c1ad9a56db-elementToProof\" style=\"text-align: justify;\">Le Moineau friquet, proche cousin du Moineau domestique, connait ces derni\u00e8res d\u00e9cennies un d\u00e9clin alarmant et a \u00e9t\u00e9 class\u00e9 en danger d\u2019extinction sur la derni\u00e8re liste rouge des oiseaux nicheurs<\/div>\n<div class=\"ox-c1ad9a56db-elementToProof\" style=\"text-align: justify;\">d\u2019Occitanie. Avec le soutien du Conseil D\u00e9partemental du Tarn, la LPO engage un important travail de recensement des colonies tarnaises afin de renforcer leur protection. Si vous avez observ\u00e9 des Moineaux friquets autour de chez vous ou si vous souhaitez participer aux inventaires b\u00e9n\u00e9voles, merci d\u2019envoyer un email \u00e0 :&nbsp;<a class=\"mailto-link\" tabindex=\"9999\" href=\"mailto:audrey.waleau@lpo.fr\" target=\"_blank\" rel=\"noopener\">audrey.waleau@lpo.fr<\/a><\/div>\n<div>&nbsp;<\/div>\n<div>&nbsp;<\/div>\n<p><span style=\"text-decoration: underline; color: #ff6600;\"><strong><span style=\"font-size: 20px;\">Groupe hirondelles et martinets<\/span><\/strong><\/span><\/p>\n<p>Ce groupe est r\u00e9serv\u00e9 aux adh\u00e9rents.<\/p>\n<p style=\"text-align: justify;\"><a href=\"https:\/\/tarn.lpo.fr\/?attachment_id=8551\" rel=\"attachment wp-att-8551\"><img loading=\"lazy\" decoding=\"async\" class=\"alignleft size-medium wp-image-8551\" src=\"https:\/\/tarn.lpo.fr\/wp-content\/uploads\/2024\/01\/Image_hirondelles-de-fenetre_001mod-300x200.jpg\" alt=\"\" width=\"300\" height=\"200\" srcset=\"https:\/\/tarn.lpo.fr\/wp-content\/uploads\/2024\/01\/Image_hirondelles-de-fenetre_001mod-300x200.jpg 300w, https:\/\/tarn.lpo.fr\/wp-content\/uploads\/2024\/01\/Image_hirondelles-de-fenetre_001mod-1024x682.jpg 1024w, https:\/\/tarn.lpo.fr\/wp-content\/uploads\/2024\/01\/Image_hirondelles-de-fenetre_001mod-768x512.jpg 768w, https:\/\/tarn.lpo.fr\/wp-content\/uploads\/2024\/01\/Image_hirondelles-de-fenetre_001mod-1536x1024.jpg 1536w, https:\/\/tarn.lpo.fr\/wp-content\/uploads\/2024\/01\/Image_hirondelles-de-fenetre_001mod-652x435.jpg 652w, https:\/\/tarn.lpo.fr\/wp-content\/uploads\/2024\/01\/Image_hirondelles-de-fenetre_001mod.jpg 1556w\" sizes=\"auto, (max-width: 300px) 100vw, 300px\" \/><\/a>Les populations d\u2019Hirondelles et Martinets sont en net d\u00e9clin. Les causes sont multiples mais le changement climatique et la pression anthropique en sont les principales. Revenant d\u2019Afrique de moins en moins nombreuses, et apr\u00e8s un \u00e9prouvant voyage, ces esp\u00e8ces sont confront\u00e9es \u00e0 un manque significatif de lieux propices \u00e0 leur nidification.<\/p>\n<p style=\"text-align: justify;\">Afin de les aider dans leurs missions reproductrices, nous vous proposons de rejoindre le \u00ab Groupe hirondelles et martinets du Tarn \u00bb.<\/p>\n<p style=\"text-align: justify;\">Votre mission&nbsp;si vous l\u2019acceptez : identifier, prot\u00e9ger, aider, suivre\u2026<\/p>\n<p style=\"text-align: justify;\">N\u2019h\u00e9sitez pas \u00e0 nous adresser vos messages et votre int\u00e9r\u00eat pour ce projet, afin que nous puissions vous accompagner et vous rediriger vers un r\u00e9f\u00e9rent pr\u00e8s de chez vous, et peut-\u00eatre le devenir \u00e0 votre tour :<\/p>\n<p>Contact&nbsp;: <a href=\"pauline.manens@lpo.fr\" target=\"_blank\" rel=\"noopener\">pauline.manens@lpo.fr<\/a><\/p>\n<p><a href=\"https:\/\/tarn.lpo.fr\/wp-content\/uploads\/2025\/02\/Affiche-groupe-hirondelles-et-martinets.pdf\" target=\"_blank\" rel=\"noopener\"><img loading=\"lazy\" decoding=\"async\" class=\"alignnone wp-image-11317 size-medium\" src=\"https:\/\/tarn.lpo.fr\/wp-content\/uploads\/2025\/02\/Image_Hirondelles_001-218x300.jpg\" alt=\"\" width=\"218\" height=\"300\" srcset=\"https:\/\/tarn.lpo.fr\/wp-content\/uploads\/2025\/02\/Image_Hirondelles_001-218x300.jpg 218w, https:\/\/tarn.lpo.fr\/wp-content\/uploads\/2025\/02\/Image_Hirondelles_001.jpg 628w\" sizes=\"auto, (max-width: 218px) 100vw, 218px\" \/><\/a><\/p>\n<p>&nbsp;<\/p>\n<p><span style=\"text-decoration: underline; color: #ff6600;\"><strong><span style=\"font-size: 20px;\">Groupe Busards<\/span><\/strong><\/span><\/p>\n<p>L\u2019association s\u2019investit activement dans le suivi des busards. Chaque ann\u00e9e, au printemps, les b\u00e9n\u00e9voles du groupe sillonnent la campagne tarnaise. Leur objectif : trouver et localiser des Busards cendr\u00e9s et Saint-Martin afin de pr\u00e9server les nich\u00e9es, fr\u00e9quemment pr\u00e9sentes au c\u0153ur des parcelles agricoles. Les oiseaux rep\u00e9r\u00e9s font ensuite l\u2019objet de suivis de la part de l\u2019\u00e9quipe.<\/p>\n<p>&nbsp;<\/p>\n<p><strong><span style=\"text-decoration: underline; color: #ff6600;\"><span style=\"font-size: 20px;\">Groupe Jeunes<\/span><\/span><\/strong><\/p>\n<p>Les groupes jeunes de la LPO sont destin\u00e9s aux adh\u00e9rents LPO \u00e2g\u00e9s de 18 \u00e0 35 ans. Pour en savoir plus sur les groupes jeunes de la LPO et avoir envie d&rsquo;en cr\u00e9er un dans le Tarn, <a href=\"https:\/\/www.lpo.fr\/qui-sommes-nous\/lpo-locales\/groupes-jeunes\" target=\"_blank\" rel=\"noopener\">cliquez sur ce lien<\/a>.<\/p>\n","protected":false},"excerpt":{"rendered":"<p>Envie de faire partie d&rsquo;un groupe de passionn\u00e9s et donner sens \u00e0 son engagement en pr\u00e9servant les esp\u00e8ces sauvages ? Plusieurs groupes sont mis en place \u00e0 la LPO Tarn, pour en savoir plus cliquez sur le nom du groupe ! Suivi de l&rsquo;\u00c9lanion blanc Elanion blanc &#8211; \u00a9Helge Sorensen Plus de renseignements sur cette &hellip; <\/p>\n<p><a class=\"more-link btn\" href=\"https:\/\/tarn.lpo.fr\/?page_id=2572\">Lire la suite<\/a><\/p>\n","protected":false},"author":7,"featured_media":0,"parent":164,"menu_order":2,"comment_status":"closed","ping_status":"closed","template":"","meta":{"ngg_post_thumbnail":0,"footnotes":""},"class_list":["post-2572","page","type-page","status-publish","hentry","nodate","item-wrap"],"_links":{"self":[{"href":"https:\/\/tarn.lpo.fr\/index.php?rest_route=\/wp\/v2\/pages\/2572","targetHints":{"allow":["GET"]}}],"collection":[{"href":"https:\/\/tarn.lpo.fr\/index.php?rest_route=\/wp\/v2\/pages"}],"about":[{"href":"https:\/\/tarn.lpo.fr\/index.php?rest_route=\/wp\/v2\/types\/page"}],"author":[{"embeddable":true,"href":"https:\/\/tarn.lpo.fr\/index.php?rest_route=\/wp\/v2\/users\/7"}],"replies":[{"embeddable":true,"href":"https:\/\/tarn.lpo.fr\/index.php?rest_route=%2Fwp%2Fv2%2Fcomments&post=2572"}],"version-history":[{"count":0,"href":"https:\/\/tarn.lpo.fr\/index.php?rest_route=\/wp\/v2\/pages\/2572\/revisions"}],"up":[{"embeddable":true,"href":"https:\/\/tarn.lpo.fr\/index.php?rest_route=\/wp\/v2\/pages\/164"}],"wp:attachment":[{"href":"https:\/\/tarn.lpo.fr\/index.php?rest_route=%2Fwp%2Fv2%2Fmedia&parent=2572"}],"curies":[{"name":"wp","href":"https:\/\/api.w.org\/{rel}","templated":true}]}}