{"id":321,"date":"2018-02-01T23:25:35","date_gmt":"2018-02-01T22:25:35","guid":{"rendered":"http:\/\/lpotarn.davidalquier.fr\/?page_id=321"},"modified":"2020-10-11T19:52:01","modified_gmt":"2020-10-11T19:52:01","slug":"etudier","status":"publish","type":"page","link":"https:\/\/tarn.lpo.fr\/?page_id=321","title":{"rendered":"Conna\u00eetre"},"content":{"rendered":"<p><a href=\"https:\/\/tarn.lpo.fr\/?page_id=331\">Faune Nord-Midi-Pyr\u00e9n\u00e9es<\/a><\/p>\n<p><a href=\"https:\/\/tarn.lpo.fr\/?page_id=956\">Les enqu\u00eates<\/a><\/p>\n<p><a href=\"https:\/\/tarn.lpo.fr\/?page_id=959\">La migration<\/a><\/p>\n<p><a href=\"https:\/\/tarn.lpo.fr\/?page_id=253\">Quelques sites exceptionnels dans le Tarn<\/a><\/p>\n<p><a href=\"https:\/\/tarn.lpo.fr\/?page_id=293\">La faune du Tarn<\/a><\/p>\n<p><a href=\"https:\/\/tarn.lpo.fr\/?page_id=3499\">La flore du tarn<\/a><\/p>\n<p><a href=\"https:\/\/tarn.lpo.fr\/?page_id=944\">Les expositions<\/a><\/p>\n<p><a href=\"https:\/\/tarn.lpo.fr\/?page_id=2576\">Documentation<\/a><\/p>\n","protected":false},"excerpt":{"rendered":"<p>Faune Nord-Midi-Pyr\u00e9n\u00e9es Les enqu\u00eates La migration Quelques sites exceptionnels dans le Tarn La faune du Tarn La flore du tarn Les expositions Documentation<\/p><p><a class=\"more-link btn\" href=\"https:\/\/tarn.lpo.fr\/?page_id=321\">Lire la suite<\/a><\/p>\n","protected":false},"author":2,"featured_media":0,"parent":0,"menu_order":4,"comment_status":"closed","ping_status":"closed","template":"","meta":{"ngg_post_thumbnail":0,"footnotes":""},"class_list":["post-321","page","type-page","status-publish","hentry","nodate","item-wrap"],"_links":{"self":[{"href":"https:\/\/tarn.lpo.fr\/index.php?rest_route=\/wp\/v2\/pages\/321","targetHints":{"allow":["GET"]}}],"collection":[{"href":"https:\/\/tarn.lpo.fr\/index.php?rest_route=\/wp\/v2\/pages"}],"about":[{"href":"https:\/\/tarn.lpo.fr\/index.php?rest_route=\/wp\/v2\/types\/page"}],"author":[{"embeddable":true,"href":"https:\/\/tarn.lpo.fr\/index.php?rest_route=\/wp\/v2\/users\/2"}],"replies":[{"embeddable":true,"href":"https:\/\/tarn.lpo.fr\/index.php?rest_route=%2Fwp%2Fv2%2Fcomments&post=321"}],"version-history":[{"count":0,"href":"https:\/\/tarn.lpo.fr\/index.php?rest_route=\/wp\/v2\/pages\/321\/revisions"}],"wp:attachment":[{"href":"https:\/\/tarn.lpo.fr\/index.php?rest_route=%2Fwp%2Fv2%2Fmedia&parent=321"}],"curies":[{"name":"wp","href":"https:\/\/api.w.org\/{rel}","templated":true}]}}

Connaître

<p><a href="https://tarn.lpo.fr/?page_id=331">Faune Nord-Midi-Pyrénées</a></p>
<p><a href="https://tarn.lpo.fr/?page_id=956">Les enquêtes</a></p>
<p><a href="https://tarn.lpo.fr/?page_id=959">La migration</a></p>
<p><a href="https://tarn.lpo.fr/?page_id=253">Quelques sites exceptionnels dans le Tarn</a></p>
<p><a href="https://tarn.lpo.fr/?page_id=293">La faune du Tarn</a></p>
<p><a href="https://tarn.lpo.fr/?page_id=3499">La flore du tarn</a></p>
<p><a href="https://tarn.lpo.fr/?page_id=944">Les expositions</a></p>
<p><a href="https://tarn.lpo.fr/?page_id=2576">Documentation</a></p>

<p>Faune Nord-Midi-Pyrénées Les enquêtes La migration Quelques sites exceptionnels dans le Tarn La faune du Tarn La flore du tarn Les expositions Documentation</p><p><a class="more-link btn" href="https://tarn.lpo.fr/?page_id=321">Lire la suite</a></p>
