{"id":3499,"date":"2020-10-04T15:48:49","date_gmt":"2020-10-04T15:48:49","guid":{"rendered":"https:\/\/tarn.lpo.fr\/?page_id=3499"},"modified":"2023-12-09T17:53:51","modified_gmt":"2023-12-09T17:53:51","slug":"la-fore-du-tarn","status":"publish","type":"page","link":"https:\/\/tarn.lpo.fr\/?page_id=3499","title":{"rendered":"La Flore du Tarn"},"content":{"rendered":"<p><span style=\"font-family: Averia Libre;\"><a href=\"https:\/\/tarn.lpo.fr\/wp-content\/uploads\/2020\/10\/Determination-Ophrys-araniferae-FB.-2013.pdf\" target=\"_blank\" rel=\"noopener\">Aide \u00e0 la d\u00e9termination des orchid\u00e9es Ophrys &#8211; Section des \u00ab\u00a0Araniferae\u00a0\u00bb<\/a><\/span><\/p>\n","protected":false},"excerpt":{"rendered":"<p>Aide \u00e0 la d\u00e9termination des orchid\u00e9es Ophrys &#8211; Section des \u00ab\u00a0Araniferae\u00a0\u00bb<\/p>\n","protected":false},"author":7,"featured_media":0,"parent":321,"menu_order":6,"comment_status":"closed","ping_status":"closed","template":"","meta":{"ngg_post_thumbnail":0,"footnotes":""},"class_list":["post-3499","page","type-page","status-publish","hentry","nodate","item-wrap"],"_links":{"self":[{"href":"https:\/\/tarn.lpo.fr\/index.php?rest_route=\/wp\/v2\/pages\/3499","targetHints":{"allow":["GET"]}}],"collection":[{"href":"https:\/\/tarn.lpo.fr\/index.php?rest_route=\/wp\/v2\/pages"}],"about":[{"href":"https:\/\/tarn.lpo.fr\/index.php?rest_route=\/wp\/v2\/types\/page"}],"author":[{"embeddable":true,"href":"https:\/\/tarn.lpo.fr\/index.php?rest_route=\/wp\/v2\/users\/7"}],"replies":[{"embeddable":true,"href":"https:\/\/tarn.lpo.fr\/index.php?rest_route=%2Fwp%2Fv2%2Fcomments&post=3499"}],"version-history":[{"count":0,"href":"https:\/\/tarn.lpo.fr\/index.php?rest_route=\/wp\/v2\/pages\/3499\/revisions"}],"up":[{"embeddable":true,"href":"https:\/\/tarn.lpo.fr\/index.php?rest_route=\/wp\/v2\/pages\/321"}],"wp:attachment":[{"href":"https:\/\/tarn.lpo.fr\/index.php?rest_route=%2Fwp%2Fv2%2Fmedia&parent=3499"}],"curies":[{"name":"wp","href":"https:\/\/api.w.org\/{rel}","templated":true}]}}