{"id":4903,"date":"2021-12-07T21:32:51","date_gmt":"2021-12-07T21:32:51","guid":{"rendered":"https:\/\/tarn.lpo.fr\/?page_id=4903"},"modified":"2021-12-18T16:40:54","modified_gmt":"2021-12-18T16:40:54","slug":"contributions-au-deces-de-notre-ami-patrice-delgado","status":"publish","type":"page","link":"https:\/\/tarn.lpo.fr\/?page_id=4903","title":{"rendered":"Contributions au d\u00e9c\u00e8s de notre ami : Patrice Delgado"},"content":{"rendered":"<p><span style=\"font-size: 18pt; color: #ff9900;\">Texte prononc\u00e9 par Michel Malaterre lors des obs\u00e8ques :<\/span><\/p>\n<div id=\"attachment_4904\" style=\"width: 300px\" class=\"wp-caption alignleft\"><a href=\"https:\/\/tarn.lpo.fr\/?attachment_id=4904\" rel=\"attachment wp-att-4904\"><img loading=\"lazy\" decoding=\"async\" aria-describedby=\"caption-attachment-4904\" class=\"size-medium wp-image-4904\" src=\"https:\/\/tarn.lpo.fr\/wp-content\/uploads\/2021\/12\/Delgado-patrice-Nore-300x200.png\" alt=\"\" width=\"300\" height=\"200\" srcset=\"https:\/\/tarn.lpo.fr\/wp-content\/uploads\/2021\/12\/Delgado-patrice-Nore-300x200.png 300w, https:\/\/tarn.lpo.fr\/wp-content\/uploads\/2021\/12\/Delgado-patrice-Nore-1024x683.png 1024w, https:\/\/tarn.lpo.fr\/wp-content\/uploads\/2021\/12\/Delgado-patrice-Nore-768x512.png 768w, https:\/\/tarn.lpo.fr\/wp-content\/uploads\/2021\/12\/Delgado-patrice-Nore-652x435.png 652w, https:\/\/tarn.lpo.fr\/wp-content\/uploads\/2021\/12\/Delgado-patrice-Nore.png 1406w\" sizes=\"auto, (max-width: 300px) 100vw, 300px\" \/><\/a><p id=\"caption-attachment-4904\" class=\"wp-caption-text\">\u00a9 Claude Daussin<\/p><\/div>\n<p style=\"text-align: justify;\"><span style=\"font-size: medium;\">\u00ab\u00a0Nous sommes rassembl\u00e9s ici pour dire un dernier au revoir \u00e0 notre ami et compagnon Patrice, pour lui rendre hommage aussi et pour le remercier de tout ce qu\u2019il a fait pour nous et notre association ; En effet Patrice \u00e9tait un homme engag\u00e9, militant de la premi\u00e8re heure au sein de la LPO Tarn, il ne comptait ni ses heures, ni ses d\u00e9placements pour participer et m\u00eame organiser diff\u00e9rentes activit\u00e9s ; que ce soit sur le causse de Labrugui\u00e8re, en for\u00eat de la Montagne Noire ou m\u00eame plus loin dans le Minervois et sur les marais du littoral m\u00e9diterran\u00e9en, il savait faire partager son savoir et sa passion pour la nature.<\/span><\/p>\n<p style=\"text-align: justify;\"><span style=\"font-size: medium;\">Je me rappelle pour l\u2019enqu\u00eate des rapaces nocturnes de France les longues nuits pass\u00e9es au sein de la for\u00eat de la Montagne Noire o\u00f9 il me guidait pratiquement les yeux ferm\u00e9s sur les pistes foresti\u00e8res ; Par instinct et par connaissance des chemins qu\u2019il avait tant arpent\u00e9s pour son m\u00e9tier de forestier. Il \u00e9tait ainsi Patrice, \u00e0 la fois vieux loup solitaire mais aussi sensible \u00e0 l\u2019\u00e9coute du monde qui l\u2019entourait . Il \u00e9tait aussi un grand amateur de jazz qu\u2019il \u00e9coutait le soir venu. L\u2019art ne lui \u00e9tait pas non plus indiff\u00e9rent, sensible aux \u0153uvres d\u2019artistes naturalistes : Robert Hainard, Serge Nicolle, et bien d\u2019autres , il s\u2019inspirait d\u2019eux pour cr\u00e9er \u00e0 son tour. En allant chez lui j\u2019avais d\u00e9couvert ses sculptures qui ne d\u00e9m\u00e9ritaient pas devant ses maitres\u2026.<\/span><\/p>\n<p style=\"text-align: justify;\"><span style=\"font-size: medium;\">L\u2019homme \u00e9tait secret, il fallait un peu le bousculer pour qu\u2019il parle de ses \u0153uvres et de ses passions. Au d\u00e9but de sa retraite il s\u2019\u00e9tait aussi lanc\u00e9 dans la fabrication de canne \u00e0 p\u00eache l\u2019autre passion qu\u2019il pratiquait de temps en temps.<\/span><\/p>\n<p style=\"text-align: justify;\"><span style=\"font-size: medium;\">Il m\u2019avait racont\u00e9 aussi que pendant ses premi\u00e8res ann\u00e9es de garde-forestier dans les for\u00eats profondes de la Meuse, il avait rencontr\u00e9 les vestiges de cette terrible guerre&nbsp;: des arbres marqu\u00e9s par des \u00e9clats d\u2019obus qu\u2019il fallait sonder avant de les abattre. Ces exp\u00e9riences l\u2019avaient marqu\u00e9 et du coup il avait beaucoup lu sur la grande guerre, il \u00e9tait comme \u00e7a Patrice il n\u2019\u00e9tait pas superficiel il allait au bout des choses.<\/span><\/p>\n<div id=\"attachment_4905\" style=\"width: 300px\" class=\"wp-caption alignleft\"><a href=\"https:\/\/tarn.lpo.fr\/?attachment_id=4905\" rel=\"attachment wp-att-4905\"><img loading=\"lazy\" decoding=\"async\" aria-describedby=\"caption-attachment-4905\" class=\"size-medium wp-image-4905\" src=\"https:\/\/tarn.lpo.fr\/wp-content\/uploads\/2021\/12\/Delgado-Patrice-2-Nore-300x200.png\" alt=\"\" width=\"300\" height=\"200\" srcset=\"https:\/\/tarn.lpo.fr\/wp-content\/uploads\/2021\/12\/Delgado-Patrice-2-Nore-300x200.png 300w, https:\/\/tarn.lpo.fr\/wp-content\/uploads\/2021\/12\/Delgado-Patrice-2-Nore-1024x683.png 1024w, https:\/\/tarn.lpo.fr\/wp-content\/uploads\/2021\/12\/Delgado-Patrice-2-Nore-768x512.png 768w, https:\/\/tarn.lpo.fr\/wp-content\/uploads\/2021\/12\/Delgado-Patrice-2-Nore-652x435.png 652w, https:\/\/tarn.lpo.fr\/wp-content\/uploads\/2021\/12\/Delgado-Patrice-2-Nore.png 1383w\" sizes=\"auto, (max-width: 300px) 100vw, 300px\" \/><\/a><p id=\"caption-attachment-4905\" class=\"wp-caption-text\">\u00a9 Claude Daussin<\/p><\/div>\n<p style=\"text-align: justify;\"><span style=\"font-size: medium;\">Ancien administrateur de la LPO Tarn, il savait \u00e9couter les autres mais aussi hausser la voix pour faire passer son id\u00e9e&nbsp;; parfois born\u00e9 ce qu\u2019il reconnaissait, il pouvait paraitre, pour ceux qui le connaissait pas, bougon. Ours il l\u2019\u00e9tait peut-\u00eatre, en soci\u00e9t\u00e9, aux yeux des autres mais une fois dans son milieu notre Patrice savait communiquer sa passion.<\/span><\/p>\n<p style=\"text-align: justify;\"><span style=\"font-size: medium;\">R\u00e9dacteur du courrier de l\u2019hirondelle, CDH pour les intimes, il alimentait de sa plume plusieurs rubriques : \u00e0 vos jumelles, balades et porte-plume. Plume agile mais teint\u00e9e de nostalgie et de d\u00e9sappointement sur notre soci\u00e9t\u00e9. Malheureusement, mon cher Patrice nous avions pr\u00e9vu une collation en ton honneur mais pour cause de Covid nous avons pr\u00e9f\u00e9r\u00e9 l\u2019annuler pour rester prudents ; Mais ne t\u2019inqui\u00e8te pas un rendez vous sera pris dans le printemps sous la forme d\u2019une balade sur le Causse . Alors je te dis au nom de tous, \u00e0 bient\u00f4t.\u00a0\u00bb<\/span><\/p>\n<p><span style=\"font-size: 18pt; color: #ff9900;\">Texte prononc\u00e9 par Sylvie Malaterre lors des obs\u00e8ques :<\/span><\/p>\n<p style=\"text-align: justify;\"><em><span style=\"font-size: medium;\">\u00ab\u00a0Chaque fois que je l\u2019appelais nous avions notre petit rituel de bienvenue comment \u00e7a va Patrice ? et lui de me r\u00e9pondre OOOOOOOh \u00e7a va \u00e7a vient.<\/span><\/em><\/p>\n<p style=\"text-align: justify;\"><em><span style=\"font-size: medium;\">Bon alors si \u00e7a vient c\u2019est que \u00e7a va et toutes nos discussions commen\u00e7aient ainsi.<\/span><\/em><\/p>\n<p style=\"text-align: justify;\"><em><span style=\"font-size: medium;\">Alors aujourd\u2019hui \u00e7a ne va pas parce que tu ne reviendras pas et j\u2019ai le c\u0153ur lourd.<\/span><\/em><\/p>\n<p style=\"text-align: justify;\"><em><span style=\"font-size: medium;\">Comment va faire Pauline si elle casse la baguette magique que tu lui as fabriqu\u00e9e et si finement sculpt\u00e9e.<\/span><\/em><\/p>\n<div id=\"attachment_4906\" style=\"width: 225px\" class=\"wp-caption alignleft\"><a href=\"https:\/\/tarn.lpo.fr\/?attachment_id=4906\" rel=\"attachment wp-att-4906\"><img loading=\"lazy\" decoding=\"async\" aria-describedby=\"caption-attachment-4906\" class=\"size-medium wp-image-4906\" src=\"https:\/\/tarn.lpo.fr\/wp-content\/uploads\/2021\/12\/20190608-025-Sortie-Saga-Pedo-sur-le-Causse-de-Caucaliere_cr-225x300.jpg\" alt=\"\" width=\"225\" height=\"300\" srcset=\"https:\/\/tarn.lpo.fr\/wp-content\/uploads\/2021\/12\/20190608-025-Sortie-Saga-Pedo-sur-le-Causse-de-Caucaliere_cr-225x300.jpg 225w, https:\/\/tarn.lpo.fr\/wp-content\/uploads\/2021\/12\/20190608-025-Sortie-Saga-Pedo-sur-le-Causse-de-Caucaliere_cr-768x1024.jpg 768w, https:\/\/tarn.lpo.fr\/wp-content\/uploads\/2021\/12\/20190608-025-Sortie-Saga-Pedo-sur-le-Causse-de-Caucaliere_cr-1152x1536.jpg 1152w, https:\/\/tarn.lpo.fr\/wp-content\/uploads\/2021\/12\/20190608-025-Sortie-Saga-Pedo-sur-le-Causse-de-Caucaliere_cr-1536x2048.jpg 1536w, https:\/\/tarn.lpo.fr\/wp-content\/uploads\/2021\/12\/20190608-025-Sortie-Saga-Pedo-sur-le-Causse-de-Caucaliere_cr-652x869.jpg 652w, https:\/\/tarn.lpo.fr\/wp-content\/uploads\/2021\/12\/20190608-025-Sortie-Saga-Pedo-sur-le-Causse-de-Caucaliere_cr.jpg 1608w\" sizes=\"auto, (max-width: 225px) 100vw, 225px\" \/><\/a><p id=\"caption-attachment-4906\" class=\"wp-caption-text\">\u00a9 David Alquier<\/p><\/div>\n<p style=\"text-align: justify;\"><em><span style=\"font-size: medium;\">Et que dire du sapin de no\u00ebl que tu leur avais apport\u00e9 un soir, il \u00e9tait si haut, si beau que la m\u00e2choire des enfants a failli se d\u00e9crocher.<\/span><\/em><\/p>\n<p style=\"text-align: justify;\"><em><span style=\"font-size: medium;\">Comment vais-je faire pour monter mes cannes \u00e0 p\u00eache sans toi, je vais faire des n\u0153uds qui ne tiennent pas et je casserai ma ligne et tu ricaneras comme la fois o\u00f9 je t\u2019ai racont\u00e9 ma premi\u00e8re perruque, tu \u00e9tais mort de rire et maintenant tu es mort tout court.<\/span><\/em><\/p>\n<p style=\"text-align: justify;\"><em><span style=\"font-size: medium;\">\u00c7a ne va pas du tout.<\/span><\/em><\/p>\n<p style=\"text-align: justify;\"><span style=\"font-size: medium;\"><em>\u00c7a ne va pas du tout, avec qui<\/em> vais-je discuter du dernier polar que j\u2019ai lu, ou d\u00e9battre des derni\u00e8res actualit\u00e9s politiques qui nous faisait marrer ou des fois hurler d\u2019indignation.<\/span><\/p>\n<p style=\"text-align: justify;\"><span style=\"font-size: medium;\">Il n\u2019\u00e9tait pas ours Patrice, il \u00e9tait pudique \u00e0 l\u2019extr\u00eame et il ne savait pas trop montrer ses sentiments, mais c\u2019\u00e9tait quelqu\u2019un de tr\u00e8s sensible, lettr\u00e9, engag\u00e9, bref un ami.<\/span><\/p>\n<p style=\"text-align: justify;\"><span style=\"font-size: medium;\">Et aujourd\u2019hui, mon ami, tu vas nous manquer. Je te le dis : \u00e7a ne va pas du tout.\u00a0\u00bb<\/span><\/p>\n<p><span style=\"font-size: 18pt; color: #ff9900;\">Contribution de Marie-Odile Diot :<\/span><\/p>\n<p>C\u2019est beaucoup de tristesse, j\u2019ai vu Patrice vendredi dernier quand il m\u2019a montr\u00e9 les lieux o\u00f9 il pensait guider notre sortie avec les enfants autour des conif\u00e8res.<\/p>\n<p>Nous ferons la sortie en pensant \u00e0 lui, il m\u2019avait montr\u00e9 des c\u00e8dres de l\u2019Atlas qu\u2019il avait plant\u00e9s, nous nous arr\u00eaterons l\u00e0 pour lui rendre hommage.<br \/>\nIl a guid\u00e9 plusieurs sorties sur Lagarrigue ces derni\u00e8res ann\u00e9es.<\/p>\n<p>&nbsp;<\/p>\n","protected":false},"excerpt":{"rendered":"<p>Texte prononc\u00e9 par Michel Malaterre lors des obs\u00e8ques : \u00ab\u00a0Nous sommes rassembl\u00e9s ici pour dire un dernier au revoir \u00e0 notre ami et compagnon Patrice, pour lui rendre hommage aussi et pour le remercier de tout ce qu\u2019il a fait pour nous et notre association ; En effet Patrice \u00e9tait un homme engag\u00e9, militant de &hellip; <\/p>\n<p><a class=\"more-link btn\" href=\"https:\/\/tarn.lpo.fr\/?page_id=4903\">Lire la suite<\/a><\/p>\n","protected":false},"author":7,"featured_media":0,"parent":2572,"menu_order":1,"comment_status":"closed","ping_status":"closed","template":"","meta":{"ngg_post_thumbnail":0,"footnotes":""},"class_list":["post-4903","page","type-page","status-publish","hentry","nodate","item-wrap"],"_links":{"self":[{"href":"https:\/\/tarn.lpo.fr\/index.php?rest_route=\/wp\/v2\/pages\/4903","targetHints":{"allow":["GET"]}}],"collection":[{"href":"https:\/\/tarn.lpo.fr\/index.php?rest_route=\/wp\/v2\/pages"}],"about":[{"href":"https:\/\/tarn.lpo.fr\/index.php?rest_route=\/wp\/v2\/types\/page"}],"author":[{"embeddable":true,"href":"https:\/\/tarn.lpo.fr\/index.php?rest_route=\/wp\/v2\/users\/7"}],"replies":[{"embeddable":true,"href":"https:\/\/tarn.lpo.fr\/index.php?rest_route=%2Fwp%2Fv2%2Fcomments&post=4903"}],"version-history":[{"count":0,"href":"https:\/\/tarn.lpo.fr\/index.php?rest_route=\/wp\/v2\/pages\/4903\/revisions"}],"up":[{"embeddable":true,"href":"https:\/\/tarn.lpo.fr\/index.php?rest_route=\/wp\/v2\/pages\/2572"}],"wp:attachment":[{"href":"https:\/\/tarn.lpo.fr\/index.php?rest_route=%2Fwp%2Fv2%2Fmedia&parent=4903"}],"curies":[{"name":"wp","href":"https:\/\/api.w.org\/{rel}","templated":true}]}}